{"id":1570,"date":"2018-02-28T14:55:56","date_gmt":"2018-02-28T14:55:56","guid":{"rendered":"https:\/\/prowess.qodeinteractive.com\/?page_id=1570"},"modified":"2024-09-15T18:05:41","modified_gmt":"2024-09-15T18:05:41","slug":"o-studiju","status":"publish","type":"page","link":"https:\/\/fitphysique.hr\/index.php\/o-studiju\/","title":{"rendered":""},"content":{"rendered":"<div class=\"wpb-content-wrapper\"><p>[vc_row row_content_width=&#8221;grid&#8221; enable_grid_lines=&#8221;&#8221; simple_background_color=&#8221;#fbfbfb&#8221; css=&#8221;.vc_custom_1726403485059{margin-top: -100px !important;padding-top: 145px !important;padding-bottom: 92px !important;}&#8221;][vc_column offset=&#8221;vc_col-lg-offset-2 vc_col-lg-8 vc_col-md-offset-0 vc_col-md-12&#8243;]<div class=\"qodef-section-title-holder  qodef-tn-position-center \" style=\"text-align: center\">\n\t<div class=\"qodef-st-inner\">\n\t\t\t\t\t<h2 class=\"qodef-st-title\" >\n\t\t\t\tSnaga je na\u0161 izbor ! Zdravlje je na\u0161a odgovornost! Svaki dan imamo mogu\u0107nost izabrati oboje!\t\t\t<\/h2>\n\t\t        \t\t\t<\/div>\n<\/div>[\/vc_column][\/vc_row][vc_row enable_grid_lines=&#8221;&#8221; css=&#8221;.vc_custom_1726419098751{margin-right: 20px !important;margin-left: 20px !important;}&#8221;][vc_column][vc_column_text css_animation=&#8221;fadeInRight&#8221;]<\/p>\n<p style=\"text-align: left;\"><strong><em>Kada slijedite svoju energiju i radite ono \u0161to \u017eelite cijelo vrijeme, razlika izme\u0111u posla i zabave nestaje. &#8211; Shakti Gawain, pionirska autorica i u\u010diteljica na podru\u010dju osobnog rasta<\/em><\/strong><\/p>\n<p style=\"text-align: left;\"><strong><em>Tijekom svoje karijere, ako sam i\u0161ta napravio, pazio sam na svaku notu i svaku rije\u010d koju otpjevam&#8230;Ako to ne mogu projicirati slu\u0161atelju, ne uspijevam. &#8211; Frank Sinatra<\/em><\/strong><\/p>\n<p style=\"text-align: left;\"><strong><em>Kad bi ljudi znali koliko sam se trudio da postignem svoje majstorstvo, to se ipak ne bi \u010dinilo tako divno. \u2013 Michelangelo<\/em><\/strong><\/p>\n<p style=\"text-align: left;\"><strong><em>\u00a0<\/em><em>U ove tri izjave sa\u017eeto je ve\u0107inu toga \u0161to bi trebalo stajati u opisu \u201co nama\u201d, \u201co studiju\u201d itd&#8230;<\/em><\/strong><\/p>\n<p>&nbsp;<\/p>\n<p style=\"text-align: left;\"><strong><em>Kroz dugi niz godina, iz strasti, iz \u017eelje, osobnih pogre\u0161aka, edukacija, savjetovanja, ponavljanja jedno te istog pokreta po 100-ti puta, dobrih dana i onih lo\u0161ih,\u00a0 osobnih uspjeha ali i neuspjeha jednostavno je sve \u201csjelo na svoje mjesto\u201d.<\/em><\/strong><\/p>\n<p>&nbsp;<\/p>\n<p style=\"text-align: left;\"><strong><em>Studio je zami\u0161<\/em><\/strong><strong><em>ljen i koncipiran da svi polaznici, ma i oni koji samo jednom u njega do\u0111u, osjete pozitivnu energiju, osjete motivaciju, osjete&#8230;ne\u0161to jednostavno dobro.<\/em><\/strong><\/p>\n<p>&nbsp;<\/p>\n<p style=\"text-align: left;\"><strong><em>Puno je oko nas stvari koje nam mogu zadavati brige, a zdravlje je daleko najva\u017enije od svih.<\/em><\/strong><\/p>\n<p style=\"text-align: left;\"><strong><em>Ukoliko dok smo bolesni odlu\u010dimo biti zdravi to je mogu\u0107e, uz jako naporan rad i puno truda. <\/em><\/strong><\/p>\n<p style=\"text-align: left;\"><strong><em>Ukoliko dok smo zdravi odlu\u010dimo ostati zdravi, to je jednostavno savr\u0161ena odluka!<\/em><\/strong><\/p>\n<p>&nbsp;<\/p>\n<p style=\"text-align: left;\"><strong><em>I upravo zato, ovaj studio koncipiran je na na\u010din da na jednom mjestu imamo cijeli paket;<\/em><\/strong><\/p>\n<ol style=\"text-align: left;\">\n<li><strong><em> Tjelovje\u017ebu kao osnovu ljudskog kretanja<\/em><\/strong><\/li>\n<li><strong><em> Znanje o pravilnoj prehrani, odnosno nutricionizam, kao osnovu za homeostazu i o\u010duvanje zdravlja<\/em><\/strong><\/li>\n<li><strong><em> Suplementaciju kao potporu za gore navedeno<\/em><\/strong><\/li>\n<li><strong><em> Pozitivan stav i motivaciju kao osnovu za zadovoljstvo i napredak svakog \u010dlana<\/em><\/strong><\/li>\n<\/ol>\n<p>&nbsp;<\/p>\n<p style=\"text-align: left;\"><strong><em>U sam prostor ulo\u017eeno je puno truda i rada, ulo\u017eeno je energije i vremena. Oprema u studiju je tako\u0111er promi\u0161ljena i postavljena sa smislom i vizijom. <\/em><\/strong><\/p>\n<p style=\"text-align: left;\"><strong><em>Veliku pa\u017enju pridajemo \u010disto\u0107i I urednosti, tako\u0111er kao osnovi dobrog zdravlja, kako bismo se svi osje\u0107ali ugodno. <\/em><\/strong><\/p>\n<p>&nbsp;<\/p>\n<p style=\"text-align: left;\"><strong><em>Ono smo \u0161to radimo, ono smo kako razmi\u0161ljamo o samima sebi, ono smo \u0161to jedemo, ono smo \u0161to sami odlu\u010dimo biti ! A mo\u017eemo odlu\u010dit \u0161to god \u017eelimo, mo\u017eemo se promijeniti, mo\u017eemo napredovati,u bilo kojem trenutku !<\/em><\/strong><\/p>\n<p style=\"text-align: left;\"><em>\u00a0<\/em><\/p>\n<p><img fetchpriority=\"high\" decoding=\"async\" class=\"size-medium wp-image-3724 aligncenter\" src=\"https:\/\/fitphysique.hr\/wp-content\/uploads\/2024\/07\/cropped-FullLogo-1-300x300.png\" alt=\"\" width=\"300\" height=\"300\" srcset=\"https:\/\/fitphysique.hr\/wp-content\/uploads\/2024\/07\/cropped-FullLogo-1-300x300.png 300w, https:\/\/fitphysique.hr\/wp-content\/uploads\/2024\/07\/cropped-FullLogo-1-150x150.png 150w, https:\/\/fitphysique.hr\/wp-content\/uploads\/2024\/07\/cropped-FullLogo-1-100x100.png 100w, https:\/\/fitphysique.hr\/wp-content\/uploads\/2024\/07\/cropped-FullLogo-1-270x270.png 270w, https:\/\/fitphysique.hr\/wp-content\/uploads\/2024\/07\/cropped-FullLogo-1-192x192.png 192w, https:\/\/fitphysique.hr\/wp-content\/uploads\/2024\/07\/cropped-FullLogo-1-180x180.png 180w, https:\/\/fitphysique.hr\/wp-content\/uploads\/2024\/07\/cropped-FullLogo-1-32x32.png 32w, https:\/\/fitphysique.hr\/wp-content\/uploads\/2024\/07\/cropped-FullLogo-1.png 512w\" sizes=\"(max-width: 300px) 100vw, 300px\" \/>[\/vc_column_text][\/vc_column][\/vc_row][vc_row enable_grid_lines=&#8221;&#8221;][vc_column][vc_empty_space height=&#8221;150px&#8221;][\/vc_column][\/vc_row]<\/p>\n<\/div>","protected":false},"excerpt":{"rendered":"<p>[vc_row row_content_width=&#8221;grid&#8221; enable_grid_lines=&#8221;&#8221; simple_background_color=&#8221;#fbfbfb&#8221; css=&#8221;.vc_custom_1726403485059{margin-top: -100px !important;padding-top: 145px !important;padding-bottom: 92px !important;}&#8221;][vc_column offset=&#8221;vc_col-lg-offset-2 vc_col-lg-8 vc_col-md-offset-0 vc_col-md-12&#8243;][\/vc_column][\/vc_row][vc_row enable_grid_lines=&#8221;&#8221; css=&#8221;.vc_custom_1726419098751{margin-right: 20px !important;margin-left: 20px !important;}&#8221;][vc_column][vc_column_text css_animation=&#8221;fadeInRight&#8221;] Kada slijedite svoju energiju i radite ono \u0161to \u017eelite cijelo vrijeme, razlika izme\u0111u posla i zabave nestaje. &#8211; [&hellip;]<\/p>\n","protected":false},"author":1,"featured_media":0,"parent":0,"menu_order":0,"comment_status":"closed","ping_status":"closed","template":"full-width.php","meta":{"footnotes":""},"class_list":["post-1570","page","type-page","status-publish","hentry"],"_links":{"self":[{"href":"https:\/\/fitphysique.hr\/index.php\/wp-json\/wp\/v2\/pages\/1570","targetHints":{"allow":["GET"]}}],"collection":[{"href":"https:\/\/fitphysique.hr\/index.php\/wp-json\/wp\/v2\/pages"}],"about":[{"href":"https:\/\/fitphysique.hr\/index.php\/wp-json\/wp\/v2\/types\/page"}],"author":[{"embeddable":true,"href":"https:\/\/fitphysique.hr\/index.php\/wp-json\/wp\/v2\/users\/1"}],"replies":[{"embeddable":true,"href":"https:\/\/fitphysique.hr\/index.php\/wp-json\/wp\/v2\/comments?post=1570"}],"version-history":[{"count":31,"href":"https:\/\/fitphysique.hr\/index.php\/wp-json\/wp\/v2\/pages\/1570\/revisions"}],"predecessor-version":[{"id":4283,"href":"https:\/\/fitphysique.hr\/index.php\/wp-json\/wp\/v2\/pages\/1570\/revisions\/4283"}],"wp:attachment":[{"href":"https:\/\/fitphysique.hr\/index.php\/wp-json\/wp\/v2\/media?parent=1570"}],"curies":[{"name":"wp","href":"https:\/\/api.w.org\/{rel}","templated":true}]}}